{"id":33,"date":"2016-02-11T11:29:53","date_gmt":"2016-02-11T11:29:53","guid":{"rendered":"http:\/\/127.0.0.1\/wp\/?page_id=33"},"modified":"2026-02-04T17:29:46","modified_gmt":"2026-02-04T17:29:46","slug":"home","status":"publish","type":"page","link":"https:\/\/www.suter-bodenbelaege.ch\/","title":{"rendered":"Home"},"content":{"rendered":"\n<h2>Suter Bodenbel\u00e4ge AG<\/h2>\n<h4>Herzlich Willkommen bei den Bodenbelagsprofis<\/h4>\n\t<p>&nbsp;<\/p>\n<p><strong>Lassen Sie sich in eine Welt voll faszinierender Bodenbel\u00e4ge entf\u00fchren.<\/strong><\/p>\n\t<p>&nbsp;<\/p>\n<p><b>Wir beraten Sie gerne in <a href=\"https:\/\/suter-bodenbelaege.ch\/?page_id=39#Showroom\"><ins>unserer Ausstellung<\/ins><\/a>.<\/b><\/p>\n\t\t\t\t<img loading=\"lazy\" decoding=\"async\" src=\"https:\/\/www.suter-bodenbelaege.ch\/wp-content\/uploads\/2023\/01\/IMG_5792-300x225.jpg\" alt=\"IMG_5792\" itemprop=\"image\" height=\"225\" width=\"300\" height=\"225\" width=\"300\" title=\"IMG_5792\" onerror=\"this.style.display='none'\"  \/>\n\t\t\t<a href=\"https:\/\/www.cabana.ch\/de\/kundenshop\/suter-bodenbelaege-ag\" target=\"_self\">\n\t\t\t\t\t\t\tHier geht&#8217;s zu unserem Bodenbelags Online-Shop\n\t\t\t\t\t<\/a>\n\t\t\t<a href=\"https:\/\/www.cabana.ch\/de\/kundenshop\/suter-bodenbelaege-ag\/angebote\/\" target=\"_self\">\n\t\t\t\t\t\t\tZu den Aktionen und Rabatten\n\t\t\t\t\t<\/a>\n\n","protected":false},"excerpt":{"rendered":"<p>Suter Bodenbel\u00e4ge AG Herzlich Willkommen bei den Bodenbelagsprofis &nbsp; Lassen Sie sich in eine Welt voll faszinierender Bodenbel\u00e4ge entf\u00fchren. &nbsp; Wir beraten Sie gerne in unserer Ausstellung. Hier geht&#8217;s zu unserem Bodenbelags Online-Shop Zu den Aktionen und Rabatten<\/p>\n","protected":false},"author":2,"featured_media":0,"parent":0,"menu_order":0,"comment_status":"closed","ping_status":"closed","template":"full-width-page.php","meta":{"ngg_post_thumbnail":0,"footnotes":""},"class_list":["post-33","page","type-page","status-publish","hentry"],"_links":{"self":[{"href":"https:\/\/www.suter-bodenbelaege.ch\/index.php?rest_route=\/wp\/v2\/pages\/33","targetHints":{"allow":["GET"]}}],"collection":[{"href":"https:\/\/www.suter-bodenbelaege.ch\/index.php?rest_route=\/wp\/v2\/pages"}],"about":[{"href":"https:\/\/www.suter-bodenbelaege.ch\/index.php?rest_route=\/wp\/v2\/types\/page"}],"author":[{"embeddable":true,"href":"https:\/\/www.suter-bodenbelaege.ch\/index.php?rest_route=\/wp\/v2\/users\/2"}],"replies":[{"embeddable":true,"href":"https:\/\/www.suter-bodenbelaege.ch\/index.php?rest_route=%2Fwp%2Fv2%2Fcomments&post=33"}],"version-history":[{"count":78,"href":"https:\/\/www.suter-bodenbelaege.ch\/index.php?rest_route=\/wp\/v2\/pages\/33\/revisions"}],"predecessor-version":[{"id":402,"href":"https:\/\/www.suter-bodenbelaege.ch\/index.php?rest_route=\/wp\/v2\/pages\/33\/revisions\/402"}],"wp:attachment":[{"href":"https:\/\/www.suter-bodenbelaege.ch\/index.php?rest_route=%2Fwp%2Fv2%2Fmedia&parent=33"}],"curies":[{"name":"wp","href":"https:\/\/api.w.org\/{rel}","templated":true}]}}